be 2/(1*-2)*0. Suppose j = -2*c + 6*c. Let w(u) = 5*u - u**2 + c*u + 3 - 3*u. What is w(3)?
0
Let m be 3*(-4)/18*3. Let d be 1/(m - -3)*2. Let u(f) = 2*f**2 - 2*f - 1. Determine u(d).
3
Let q(h) be the first derivative of 0*h + 5/24*h**4 - 2 + 3/2*h**2 - 1/30*h**5 - 1/3*h**3. Let i(o) be the second derivative of q(o). Give i(3).
-5
Suppose 2*w - n = -4*n + 7, 5*n - 15 = -5*w. Let u(h) = 0*h**2 - 6*h - 3*h**w + 2*h**2. Let y(d) = -2*d**2 - 3*d + 3. Let b be y(-3). What is u(b)?
0
Suppose r + 105 = 107. Let v(w) be the third derivative of -w**3 - r*w**2 + 0*w - 1/120*w**6 + 7/24*w**4 + 0 + 1/15*w**5. Give v(5).
4
Let y be -1*5*2/(-5). Let z(k) = k + 1. Let p(l) = -l - 1. Let i(m) = 5*p(m) + 3*z(m). What is i(y)?
-6
Let t(v) = -2*v - 1 - 2 - v. Let g = 45 - 48. Calculate t(g).
6
Let b(h) = -h**3. Let y(a) = -2*a**3 + 5*a**2 + 4*a - 3. Let m(c) = 3*b(c) - y(c). Let r = -8 - -4. Calculate m(r).
3
Let v(y) = -y**2 + 8*y - 9. Let g be v(7). Let x(r) = -r**2 - 2*r + 1. Give x(g).
1
Let m be (-7)/2*4/2. Let n(x) = -2*x - 6. Give n(m).
8
Suppose 2*h - 40 = -6. Let l(g) = -18*g**3 + 4*g**2 - 1 - 3*g**2 + h*g**3. Determine l(2).
-5
Let c(o) = 4*o**2 + 6*o + 4. Let q(y) = 5*y**2 - 9*y + 5. Let a(x) = -x**2 + 2*x - 1. Let s(l) = 9*a(l) + 2*q(l). Let w(j) = c(j) - 5*s(j). What is w(6)?
-1
Let x(l) = l**3 + 4*l**2 + 2*l - 2. Let a(w) = -w**3 - 4*w**2 - 2*w + 2. Let g(i) = -5*a(i) - 6*x(i). What is g(-4)?
10
Let u = 47 - 53. Let d(o) = -o**3 - 7*o**2 - 6*o - 9. What is d(u)?
-9
Let l(c) = -c**3 + 8*c**2 - 6*c - 5. Let j be l(7). Suppose -3*g + 5*a = j*g - 10, -3*a = 5*g + 14. Let y(p) = -2*p + 1. Calculate y(g).
3
Let j = 15 + -17. Let i(o) = o**3 + 3*o**2 + o. What is i(j)?
2
Let s(d) = -2*d + 2. Let b(c) = 3*c - 3. Let a(x) = -3*b(x) - 5*s(x). Give a(1).
0
Let p(x) = -x**3 - 3*x**2 + 5*x + 3. Suppose 4*z + 88 = 5*w, 0 = w - z + 4*z - 10. Let g = 12 - w. Calculate p(g).
-1
Let x(n) = n**3 - 7*n**2 - 8*n + 7. Suppose -2*o - 5*l = 3 + 1, 0 = -4*l - 16. Give x(o).
7
Let r(b) = -7*b. Suppose -11*x + 8*x + 3 = 0. Let d be r(x). Let g(z) = z**2 + 7*z - 6. Determine g(d).
-6
Let m(c) be the first derivative of -c**2 - 6*c + 5. Let a be 1/((-1)/(-1)) - 1. Let g be 1*-4*(a - -1). Give m(g).
2
Let s(t) = -9*t**2 - 2*t - 10*t**2 + 1 + 18*t**2. Calculate s(2).
-7
Let r(a) = a + 6. Let d = 23 - 29. Give r(d).
0
Let w(p) = -p**2 + 7*p - 5. Suppose -2*t - 2 = -10. Determine w(t).
7
Let r(y) = -3*y + 4. Let q be (12/8 - 1)*-6. Give r(q).
13
Let g(d) = -d + 4. Suppose 2 - 17 = -3*r. Suppose r*a - 9 = 11. Calculate g(a).
0
Let f = -24 - -17. Let w be f/4 + 1/(-4). Let g(n) = -8*n - 2. Give g(w).
14
Suppose 0 = -2*d + 2*x - 10, -d - x - x + 1 = 0. Let u(t) = -4*t + 3. What is u(d)?
15
Suppose -4*m + z + 12 = 2*z, -2*z - 15 = -5*m. Let q be (-2 + m)*(0 - -3). Let w(a) = a**2 - 5*a + 2. Calculate w(q).
-4
Suppose -2 - 7 = 3*w. Let u(x) be the first derivative of 1 + 1/4*x**4 + 2*x**2 + 4/3*x**3 - x. Give u(w).
-4
Let v(g) = -g**2 - 6*g - 6. Suppose -x - 10 = 2*t, x + 3 = -4*t - 13. Calculate v(x).
2
Suppose -5 = 3*x + 1. Let y be (0 + 1)*x - -13. Let o = y - 7. Let v(u) = -3*u + 4. Determine v(o).
-8
Let b(y) = -5*y**2 + 7*y - 6. Let q = -2 - 4. Let o(h) = 4*h**2 + 2 - 4 - 6*h + 6 + 1. Let v(i) = q*o(i) - 5*b(i). Calculate v(-3).
6
Let c(r) = r - 1. Let s be c(4). Let l(v) = -2*v + 3. Determine l(s).
-3
Let k = -4 - -2. Let w(l) be the second derivative of l**4/12 + l**3/2 - l**2/2 - 6*l. Calculate w(k).
-3
Suppose -2*y + 0 + 4 = 0. Let x(c) be the second derivative of c**5/120 + c**4/12 + 7*c**3/6 - 9*c. Let v(m) be the second derivative of x(m). Calculate v(y).
4
Let f(d) = d**2 + d. Let u(v) = v**3 + 4*v**2 + 4*v + 3. Let r(o) = -5*f(o) + u(o). Determine r(0).
3
Suppose -2*c - 11*c = -13. Let q(l) be the first derivative of 3/2*l**2 + l - c. Calculate q(1).
4
Let v(w) = -9*w**2 - 11*w - 9. Let s(r) = 4*r**2 + 5*r + 4. Let f(g) = 7*s(g) + 3*v(g). Let a = -5 - -4. What is f(a)?
0
Let w = -29 - -30. Let j(o) = 5*o. Determine j(w).
5
Let g(z) = -z**3 + 10*z**2 - 10*z + 12. Let d be g(9). Let v(f) = -f**2 - 2 - f**2 + 2*f**3 - f**3 - f. Give v(d).
4
Let w(i) = -i**2 + 5*i + 2. Let x be 5/(2 - 2 - -1). Let g be (2 - 3*2)/(-2). Suppose -2*s + 3*z = 2*z - 10, -g*s - x*z + 22 = 0. Calculate w(s).
-4
Let w(y) = -3*y - 25. Let v be w(-10). Let z = 10 - v. Let r(t) = -t**3 + 4*t**2 + 3*t + 1. Determine r(z).
-9
Let h(b) = -b**3 + 4*b**2 - b + 4. Let k(r) = -r - 7. Let q be k(-9). Let x be (-39)/(-9) + q/(-6). Give h(x).
0
Let i(m) = -m - 7. Let g = 115 + -120. Calculate i(g).
-2
Let f(a) be the third derivative of -a**6/120 - a**4/24 + a**3/6 - a**2. Let r(i) = -2*i**3 - i**2 - 4*i + 4. Let x(v) = -4*f(v) + r(v). Give x(1).
1
Let b(g) = 4*g**3 - g**2 + g + 1. Let j(r) = -5*r**3 + 2*r**2 - 2*r - 1. Let d(p) = -4*b(p) - 3*j(p). Calculate d(2).
-13
Let d(b) = 2 - 2*b**3 - 2*b**2 + 3*b**3 - 3 - 2 + 2*b. Determine d(3).
12
Suppose -23 = -5*t + 2*r - 5*r, -r - 39 = -5*t. Let k(s) = -s**2 + 7*s + 10. What is k(t)?
10
Let z(i) be the second derivative of i**5/20 - i**4/2 - 7*i**3/6 + 3*i**2/2 + 23*i. Give z(7).
3
Let c(f) = f**3 - f + 8. Let m(u) = -42*u - 3*u**3 + 39*u + 2*u**3 + 5*u**2 + 0*u**2 - 4. Let l be m(4). What is c(l)?
8
Let h(j) be the third derivative of -j**5/30 - 7*j**4/24 + j**3/3 - j**2. Suppose -25*k - 125 + 0 = 0. Calculate h(k).
-13
Let n(l) = -l**2 - 5*l - 4. Let z be n(-2). Let q(r) = -r**3 - 3*r**2 - 2*r. Let o be q(-2). Let d(s) = -4 - s**3 + s**2 + 3 + o*s**3. What is d(z)?
-5
Let v(f) = 0 - f + 3 - 1. What is v(-6)?
8
Let m(h) = 2*h**2 - 40*h + 40. Let l be m(19). Let c(q) = 2*q - 3. What is c(l)?
1
Let x(r) be the second derivative of r**3/6 - r**2 - r. Determine x(6).
4
Let s(p) = -p**3 - p**2 - p - 6. Let i = -27 + 42. Suppose -i = -3*y + 5*v, 2*y + 4*v + 2 = -10. What is s(y)?
-6
Let m(c) = c**2 + 7*c + 4. Suppose 3*r - 2*r - 2 = 0, -16 = -4*u - 4*r. Suppose 0 = l + 4 + u. What is m(l)?
-2
Let h(i) = i**3 + 6*i**2 - 2*i - 9. Let v be 10/(-14) - 4/14. Let m be v/(-2)*0/(-5). Suppose t = -m*t - 6. Give h(t).
3
Let s(l) = -7*l**3 - 3*l**2 + 3*l + 9. Let w(o) = 4*o**3 + 2*o**2 - 2*o - 5. Let g(q) = 3*s(q) + 5*w(q). What is g(-2)?
16
Let p(r) = r**3 - 5*r**2 - r. Suppose 14*z - 30 = 8*z. Determine p(z).
-5
Let c(j) be the second derivative of 10*j**3/3 + 3*j**2 + j. Let h = 17 - 0. Let z(l) = 7*l + 2. Let r(t) = h*z(t) - 6*c(t). What is r(3)?
-5
Let u(y) = -y + 5. Suppose 10*g = 1 - 51. Calculate u(g).
10
Let b be 10*(2/(-4) + 0). Let s(z) = z**2 + 6*z + 7. Let v be s(b). Let t(u) = -3*u - 2 - u**3 + 2*u - v + 4*u**2. Give t(3).
2
Let i be 1 - (-6 + (-1 - 0)). Suppose -23 = -5*q + o, 5*o = -4*q + i*q - 31. Let m = q + -1. Let r(k) = -k**2 + 3*k - 1. Determine r(m).
-1
Let c(w) = -w**2 - 5*w - 7. Suppose 0 = 6*d + 1 + 17. Let r be ((-24)/(-9) + d)*15. Give c(r).
-7
Let y(m) = m**3 + 5*m**2 + 5*m - 6. Let s = -10 + 7. Let n(q) = 2*q**3 + 5*q**2 + 4*q - 5. Let l(g) = s*y(g) + 2*n(g). What is l(6)?
2
Let l be (2 - 1)*(-2 - 3). Let u(g) be the second derivative of -3*g + 0 - 1/3*g**4 + 3*g**2 - 1/20*g**5 + 5/6*g**3. Calculate u(l).
6
Let b(j) be the third derivative of j**6/60 + j**4/24 + j**2. Let f be 0*(2 + -2 + 1). Let h = -1 + f. Give b(h).
-3
Let v = -10 + 13. Let s(y) = y**3 + 3*y**2 - 5*y + 1. Let a be s(-4). Let i(r) = -v*r**2 - a*r + 2*r + 2 + 5*r. Calculate i(2).
-6
Let c(r) = -3*r - 5*r**2 + 1 + 4*r**2 + 1. Let v = -2 - 1. What is c(v)?
2
Let y(c) = -c + 5. Let v = 32 - 17. Suppose 5*h = -0 + v. Calculate y(h).
2
Let c(g) be the first derivative of -g**5/120 + g**4/24 + g**3/3 - 2. Let f(u) be the third derivative of c(u). Give f(4).
-3
Let d be -2 + 1 - (-8 + 2). Suppose 0 = 2*i + 3*q - d, -7*q - 2 = -5*q. Suppose -u + 5 = 3*v, u = -u + i. Let p(f) = -5*f**2 - f. What is p(v)?
-6
Let t(g) = 2*g + 12. Let v be t(-9). Let h(f) = -4 - 9*f + 4. Let r(o) = -10*o. Let q(b) = v*h(b) + 5*r(b). What is q(2)?
8
Suppose 3*s - 2*s = 15. Let b(w) = -w**3 + 2*w**2 + 2. Let j be b(2). Suppose -j*q = q - s. Let z(h) = -h**2 + 6*h - 1. What is z(q)?
4
Let y(n) be the first derivative of -n**3/3 + 5*n**2/2 - 4*n + 1. Let t = -73 - -108. Suppose -5*h + 5 - t = -j, -3*h = j + 10. What is y(j)?
-4
Let r(k) be the second derivative of 0 - k - 1/24*k**4 - 1/6*k**3 + 1/120*k**5 + 0*